 is 0 - 4?
-4
In base 13, what is 61 - -147?
1a8
In base 7, what is 61 - 4?
54
In base 7, what is -23220 + -2?
-23222
In base 2, what is -1101 + 1110010?
1100101
In base 16, what is 4 + -fc?
-f8
In base 2, what is -101000 - 1001100?
-1110100
In base 2, what is 1000 + 1110?
10110
In base 12, what is 125 + -36?
ab
In base 2, what is -1100001 - -110100?
-101101
In base 4, what is 1 + 101011?
101012
In base 11, what is -282 + -2?
-284
In base 8, what is 2 + -254?
-252
In base 14, what is -79 + -3?
-7c
In base 2, what is 1000000111111 + 10?
1000001000001
In base 4, what is -1312023 + -2?
-1312031
In base 12, what is 29 + 11?
3a
In base 15, what is 105 + -5e?
96
In base 3, what is -2111212 + -2?
-2111221
In base 13, what is b8 + -5?
b3
In base 5, what is 12340 - -4?
12344
In base 16, what is 110 + -12?
fe
In base 6, what is -52 - 12?
-104
In base 5, what is 10 - 4304?
-4244
In base 14, what is -20 - d1?
-111
In base 16, what is 0 + -32?
-32
In base 3, what is -20000 + 11?
-12212
In base 6, what is -34 + -1352?
-1430
In base 16, what is -40 + -80?
-c0
In base 9, what is 563 + -4?
558
In base 8, what is -17 + 23?
4
In base 3, what is 2 - 11?
-2
In base 11, what is -206 - a?
-215
In base 7, what is -33 + 53?
20
In base 6, what is 41 + 14?
55
In base 11, what is -5 + 49?
44
In base 6, what is -15 + -212?
-231
In base 12, what is 5 + 8b?
94
In base 16, what is 5 + 4?
9
In base 13, what is 673 - 7?
669
In base 4, what is -130323 - 0?
-130323
In base 11, what is 2676 + 5?
2680
In base 15, what is -23a2 - -3?
-239e
In base 9, what is 0 - -1156?
1156
In base 11, what is -4 + -683?
-687
In base 7, what is 1 - -12320?
12321
In base 2, what is 1011 - -1000010100?
1000011111
In base 2, what is 1110 + -1?
1101
In base 10, what is -18 - -4?
-14
In base 10, what is 5 - -1034?
1039
In base 6, what is -2 + -111?
-113
In base 16, what is 1bd - 1?
1bc
In base 7, what is -5 + 65?
60
In base 12, what is -121 + 1?
-120
In base 15, what is 180 + -6?
179
In base 13, what is 3a - -41?
7b
In base 15, what is 0 - ee9?
-ee9
In base 13, what is -37 - 9?
-43
In base 7, what is -35 + 0?
-35
In base 16, what is 0 + 7?
7
In base 12, what is -31 + -9?
-3a
In base 5, what is -34 - -21?
-13
In base 2, what is 1000010001 + 110?
1000010111
In base 2, what is 101 + 1100000?
1100101
In base 11, what is -1 + -16?
-17
In base 15, what is 2ae + 2?
2b1
In base 15, what is 170 + 11?
181
In base 5, what is 10 - 12231?
-12221
In base 8, what is -5 + -52?
-57
In base 6, what is -51355 + -5?
-51404
In base 8, what is 75 + -3?
72
In base 13, what is -271 - 0?
-271
In base 3, what is -10 - -2011112?
2011102
In base 12, what is -24 + -16?
-3a
In base 11, what is -2584 + 4?
-2580
In base 7, what is 1101 + 5?
1106
In base 5, what is -2 - -10001?
4444
In base 3, what is 2 - -212212?
212221
In base 8, what is -204 - 30?
-234
In base 11, what is 4 + 181?
185
In base 8, what is 737 + 3?
742
In base 6, what is 202350 - 0?
202350
In base 16, what is -29 + -3?
-2c
In base 10, what is 262 + -4?
258
In base 16, what is 1 + -da?
-d9
In base 2, what is 11 + 1010101?
1011000
In base 4, what is -10130 + 12?
-10112
In base 9, what is 154 - -1?
155
In base 2, what is 10010101 + -1?
10010100
In base 7, what is -12 + -311?
-323
In base 8, what is 3 + -766?
-763
In base 12, what is -2 - -828?
826
In base 11, what is 38a + 0?
38a
In base 8, what is 0 + 163?
163
In base 5, what is 3 + -20033?
-20030
In base 5, what is -12 + -2400?
-2412
In base 5, what is 421 - -42?
1013
In base 5, what is -112 - 11?
-123
In base 9, what is 12 - 164?
-152
In base 2, what is 1000111 - 10100?
110011
In base 15, what is 17 - 57?
-40
In base 9, what is 627 + 11?
638
In base 7, what is 203 - 3?
200
In base 16, what is 9dd + 5?
9e2
In base 10, what is -42 + 1?
-41
In base 13, what is -2bc + 15?
-2a7
In base 2, what is -110 - -1101100000?
1101011010
In base 6, what is -3 - 43100?
-43103
In base 3, what is -20 + -1022?
-1112
In base 9, what is 3 - -1?
4
In base 8, what is 112 + -20?
72
In base 12, what is 19 + 2?
1b
In base 16, what is f + 3b?
4a
In base 16, what is -11 - 161?
-172
In base 9, what is 48 - -12?
61
In base 7, what is -3 - -2426?
2423
In base 7, what is -1 + -1616?
-1620
In base 7, what is -111 + 0?
-111
In base 16, what is -2 - -167?
165
In base 16, what is -f0 + -1?
-f1
In base 16, what is -3 - -39c?
399
In base 11, what is -44 - -5?
-3a
In base 4, what is -32 - -12?
-20
In base 6, what is -253 - -3?
-250
In base 7, what is 5 + 2610?
2615
In base 3, what is 1 - -211?
212
In base 8, what is -1 - -202?
201
In base 15, what is 47e3 - 3?
47e0
In base 13, what is -2 + 199?
197
In base 2, what is -101 + -10000111100?
-10001000001
In base 5, what is 10221 - -4?
10230
In base 4, what is -11 - 12302?
-12313
In base 13, what is -3a4 - 0?
-3a4
In base 7, what is -2 - 31?
-33
In base 3, what is 10010 + 11?
10021
In base 4, what is 2 + -310?
-302
In base 12, what is -3 + -16?
-19
In base 15, what is -8 + -66?
-6e
In base 13, what is a1b + -b?
a10
In base 6, what is 4200 + 13?
4213
In base 3, what is 21002 - -222?
22001
In base 6, what is 0 - 5?
-5
In base 7, what is 5 - -101?
106
In base 2, what is 10011001001100 + -101?
10011001000111
In base 14, what is 11 - -5b?
6c
In base 10, what is 2 - 1?
1
In base 4, what is 11 + -313?
-302
In base 9, what is 4 - 3?
1
In base 15, what is -5 + 14a7?
14a2
In base 16, what is -a - 15?
-1f
In base 11, what is -1 - 4?
-5
In base 7, what is -14246 - 1?
-14250
In base 9, what is -131 - 1?
-132
In base 10, what is -30770 + -4?
-30774
In base 9, what is 20 - 1861?
-1841
In base 16, what is -2 + -200?
-202
In base 11, what is -12 + 11a7?
1195
In base 10, what is -8 + -251?
-259
In base 10, what is 1401 - 9?
1392
In base 12, what is 334 - 0?
334
In base 8, what is -2 + -160?
-162
In base 13, what is 39a - 2?
398
In base 2, what is 0 - -1001111?
1001111
In base 14, what is -2 + 4b?
49
In base 13, what is -10 - -8?
-5
In base 3, what is 20210 - -211?
21121
In base 10, what is 21 - 12?
9
In base 9, what is 166 - -1?
167
In base 9, what is -301 + 14?
-276
In base 15, what is 9 + -1e9?
-1e0
In base 6, what is 5 + -125?
-120
In base 9, what is 8 - -6?
15
In base 11, what is 5 + 673?
678
In base 11, what is 2043 - 5?
2039
In base 16, what is -11e + 3?
-11b
In base 6, what is -3554 + 4?
-3550
In base 13, what is 22c2 - -2?
22c4
In base 8, what is 24250 + -5?
24243
In base 13, what is -1669 + 5?
-1664
In base 12, what is 1099 + 3?
10a0
In base 11, what is 4 - -a7?
100
In base 14, what is -5dd - -5?
-5d8
In base 16, what is -18 + 4?
-14
In base 14, what is -8a5 - -2?
-8a3
In base 10, what is -2 - 47?
-49
In base 14, what is -2 - -6?
4
In base 5, what is 1 + 1434?
1440
In base 14, what is -4 - 8a5?
-8a9
In base 13, what is -3 - -12c8?
12c5
In base 2, what is -100 - 100100101?
-100101001
In base 6, what is 1212 - 30?
1142
In base 11, what is 2 - -27?
29
In base 6, what is -11 - 351?
-402
In base 5, what is 3200 - 22?
3123
In base 7, what is 1 - 112?
-111
In base 7, what is 1652 + 42?
2024
In base 2, what is -10 - 101011011?
-101011101
In base 10, what is -1051 + -2?
-1053
In base 7, what is 13 + -6?
4
In base 8, what is 10 - 12?
-2
In base 10, what is -592 - -7?
-585
In base 4, what is -2 + 31303?
31301
In base 8, what is 1 + 32?
33
In base 15, what is 3d + 0?
3d
In base 7, what is 351 + -1?
350
In base 10, what is -4453 + -2?
-4455
In base 13, what is 77 - -4?
7b
In base 5, what is 2 + -1111?
-1104
In base 8, what is 0 + 447?
447
In base 12, what is -b5 - 10?
-105
In base 9, what is 0 + -83?
-83
In base 4, what is -1133 + 10?
-1123
In base 14, what is c - -2?
10
In base 6, what is -35 + 53?
14
In base 9, what is -23 + 2?
-21
In base 14, what is -1b3 + -5?
-1b8
In base 13, what is 342 - 2?
340
In base 15, what is 191 - 20?
171
In base 14, what is -51 + 21?
-30
In base 9, what is 2 + -1076?
-1074
In base 16, what is -4 - 60e?
-612
In base 5, what is 13 + -1100?
-1032
In base 9, what is 25 - -6?
32
In base 6, what is 434 + -2?
432
In base 5, what is -420 - -10?
-410
In base 12, what is -14 - -2?
-12
In base 6, what is -1 - -1121?
1120
In base 6, what is 11 + -1023?
-1012
In base 2, what is 11 + -1000100?
-1000001
In base 6, what is -3 - 45?
-52
In base 11, what is 162 + 2?
164
In base 8, what is -2042 + 5?
-2035
In base 7, 